(u). Let k be (-3)/q*(-4)/(-3). Let g(o) = o**3 + o**2 - 5*o + 1. What is g(k)?
-27
Let f(q) = 8*q - 210. Let d = 8676 + -8649. Give f(d).
6
Let f be (17 - 16) + 6*(-12)/18. Let o(u) = -2*u - 5. What is o(f)?
1
Let v(d) be the second derivative of 5*d**4/12 + 2*d**3/3 + 3*d**2/2 + 45*d. Let g(s) = s**2 - 22*s - 25. Let i be g(23). Determine v(i).
15
Let o(l) be the first derivative of l**4/4 - 7*l**3 - 49*l**2/2 + 71*l + 693. Give o(23).
2
Let g(a) = 2*a**2 - 3*a - 6. Let h(w) = 2*w + 18*w**2 - 13 - 13*w**2 - 8*w - w. Let i(c) = -9*g(c) + 4*h(c). Suppose 5*q = -3*p + 3*q, 2*q + 6 = 0. Give i(p).
8
Let w = 1790 - 1787. Let j(s) be the first derivative of -1/2*s**2 - 1/4*s**4 + 0*s + 4/3*s**w + 7. Determine j(3).
6
Suppose 548*z = 422*z + 1638. Suppose 5*p = 2*p + r + 8, 0 = -p + 4*r - 12. Let h(x) = 6*x + p - z*x + 4*x. Calculate h(3).
-5
Let r = 17 + -10. Let c(b) = -52*b**3 + 105*b**2 - 50*b + 121. Let x(z) = 3*z**3 - 6*z**2 + 3*z - 7. Let k(a) = 4*c(a) + 69*x(a). Determine k(r).
1
Let j(d) be the first derivative of -1 + 1/3*d**3 - 7/2*d**2 - 7*d. Determine j(8).
1
Let w be (1 - -1) + 2 - 1. Suppose 0 = q + y - 5, y - 28 + 13 = -3*q. Let d(l) = 0*l + 5*l + 4718*l**3 - 4717*l**3 - 2 - q*l**2. Give d(w).
-5
Let q(k) = k**2 - 4*k + 1. Suppose d = -5*u + 43, 0*u + 5*d = -3*u + 39. Suppose -5*a - 5 = 3*i, 5 = i + 2*i - 5*a. Suppose i*p - u = -2*p. What is q(p)?
1
Let m be (-55)/((-6)/8*15/45). Suppose x + 9*x + m = 0. Let q(f) = -f**3 - 21*f**2 + 22*f + 2. Calculate q(x).
2
Let k(z) = -z**2 - 6*z - 6. Let t(q) = -7*q - 15 - q + 11*q + q**2. Let j be t(-6). Suppose -15 = 2*r - r + 3*n, -n = j. Calculate k(r).
-6
Let a(j) = j**3 + 17*j**2 + 20*j - 12. Let d be 21/((-252)/348) + 13. What is a(d)?
-76
Let p(m) = -m**3 - 5*m + 5 - m**2 + 4 - 3 - 6*m**2. Suppose 5*f = -4*y - 90, 5*f = 6*y - 3*y - 90. Let l be (f + 0)*2/6. Give p(l).
0
Let y(d) = 8*d + 41. Let m(p) = -16*p - 45. Let r(u) = -2*m(u) - 3*y(u). Give r(4).
-1
Let b = -93 - -98. Let f be b - 3 - 3 - 1*-4. Suppose 0 = z + 4*z - u + f, -2*u = 2*z + 6. Let p(n) = 11*n**2 - n - 1. Calculate p(z).
11
Let u(p) = -9*p**3 - 16*p**2 - 5*p - 27. Let h(j) = -5*j**3 - 7*j**2 - 3*j - 13. Let o(a) = 7*h(a) - 4*u(a). What is o(-15)?
32
Let i(z) = -z**3 + 6*z**2 - 3*z - 4. Suppose g = 27*g - 832. Suppose -13*v + g*v = 95. What is i(v)?
6
Let x = 9 - 8. Suppose -4*q + r = 6*r - 12, 0 = 4*q + 2*r - 12. Suppose -q*t = 4*f - 15, -4*t = -x - 3. Let g(w) = -w**3 + 3*w**2 + 2*w - 4. What is g(f)?
2
Let i(s) = 19*s + 7. Let u(k) = 41*k + 13. Suppose -4*d = r - 52, -2*d - 3*r = -43 + 17. Let a(n) = d*i(n) - 6*u(n). What is a(-12)?
1
Let v(c) = -5*c**2 + 4*c + 22. Let d be v(2). Let i(y) = -y**2 + 10*y - 5. Give i(d).
-5
Suppose -59*k = -53*k - 18. Let f(m) = 14*m**3 + 3*m - 93*m**2 + 89*m**2 + 9 - 15*m**3 + k*m. Determine f(-5).
4
Let s(o) = 6*o + 49. Let d be s(-9). Let q(i) be the third derivative of 1/60*i**5 - 7/6*i**3 + 1/8*i**4 + 0*i + 0 + 31*i**2. Give q(d).
3
Suppose 96*r = 93*r + 15. Let x(y) = -4 + r*y + 14 + 7*y - 8*y - 3*y. Give x(7).
17
Let j(b) = 25*b + 1064. Let n be j(-42). Let i(l) = 10*l - 120. Calculate i(n).
20
Let g = -203 - -207. Let a be (g/3)/(176/132). Let j(v) = -22*v + 1. Calculate j(a).
-21
Let i(k) = -k**3 + 5*k**2 - 6*k. Let b be i(4). Let r(x) = -15*x + 29. Let t(y) = -42*y + 84. Let z(m) = -17*r(m) + 6*t(m). What is z(b)?
-13
Let d(f) = -2*f**2 + f**3 + 12*f**2 - 23*f**2 + 7*f + 5*f - 155. Give d(13).
1
Let b(y) = 4*y**3 + 21*y**2 - 3*y + 39. Let t(q) = 21*q**3 + 107*q**2 - 11*q + 196. Let p(r) = -16*b(r) + 3*t(r). Calculate p(-16).
-20
Let o(y) = 6*y**3 + 46*y**2 - 42*y - 3. Let u be o(1). Let v(q) = q**3 - 7*q**2 + 2*q. What is v(u)?
14
Let x(o) = o**3 - 6*o**2 - 2. Let r be x(8). Suppose 3*z + 6*z - r = 0. Let f be (-2)/5 + z/10. Let n(a) = a**2 + 1. Calculate n(f).
2
Suppose 80*u = -3*p + 75*u - 33, -u + 11 = -p. Let z(r) = -6*r - 1. Calculate z(p).
65
Let v(h) = -3*h - 7. Let u(y) = y**2 - 2*y - 13. Let s be u(-7). Suppose 4*p - 26 = -s. Determine v(p).
11
Let b(a) = -19*a**3 - 7*a**2 + 3*a + 39. Let d(m) = 16*m**3 + 8*m**2 - 4*m - 35. Let n(w) = -6*b(w) - 7*d(w). Calculate n(6).
-1
Let i(s) be the second derivative of 1/3*s**3 - 4*s - 1/2*s**2 + 0 - 1/2*s**4. Let j be 3/2*(-5)/(30/(-4)). Give i(j).
-5
Let z = 34 + -27. Let w(b) be the third derivative of 1/120*b**6 - 1/10*b**5 + 0 + 9*b**2 - 3/8*b**4 + 4/3*b**3 + 0*b. Calculate w(z).
-6
Let l(n) = -n - 4. Let h(v) = -3*v - 10. Let m be h(-4). Suppose 5*u = 4*y - 50, m*u + 30 = -u + 5*y. Let b be (-112)/20 + 4/u. What is l(b)?
2
Let l(s) = s**2 - 9*s + 27. Let i(v) = 2*v**3 + 23*v**2 - 29*v + 7. Let x be i(1). Calculate l(x).
9
Let m(o) = -o - 2 - 25 - 6*o - 2. Let b(y) = -2*y - 1. Let w(x) = 4*b(x) - m(x). Calculate w(18).
7
Let r(m) be the first derivative of -m**3/3 - 3*m**2/2 - 3*m + 20. Let n(j) = -3*j + 45. Let p be n(16). Calculate r(p).
-3
Let u(q) = -q**3 + 5*q**2 + q + 8. Let b = -17633 + 17637. What is u(b)?
28
Let l(v) be the first derivative of v**3/3 - 6*v**2 - 18*v + 421. What is l(13)?
-5
Suppose z + 2*a = -55, 0 = -5*z - 2*a + 3*a - 231. Let c = z + 61. Suppose -5*p + 3*p = 3*i + c, -i - 14 = 3*p. Let n(o) = o**3 + 5*o**2 + 5*o + 5. Give n(p).
1
Suppose -20*c - 1147 = 1293. Let q = -122 - c. Let u(y) = -y**3 - y - 13. Give u(q).
-13
Let k(x) = 6*x - 1. Let y be (-6822)/27 - 28/21. Let r = -255 - y. Give k(r).
-7
Let l = 7412 - 7412. Let o(t) be the third derivative of 1/12*t**5 + 25*t**2 + 1/120*t**6 + t**3 + l + 0*t + 7/24*t**4. Calculate o(-4).
-6
Let q(r) = -4*r**2 + 73329 - 73320 + 12*r - 6*r**2 - 4*r**3 + 5*r**3. Give q(9).
36
Let u(w) = -3 - 1 - 1 - 2*w. Let h(o) = -o**3 + 12*o**2 + 46*o - 11. Let d be (0 + 27/6)*20/6. Let x be h(d). Determine u(x).
-13
Let p(v) = -13*v - 26. Let r(n) = -70*n - 128. Let h(l) = 16*p(l) - 3*r(l). Determine h(15).
-2
Let n be (1 + (-8)/6)/((-8)/144). Let a(z) = 135*z - 79*z - n - 63*z. Give a(-5).
29
Let p(l) = -l + 5 - 1 + 1. Suppose 0 = -36*x + 106*x - 41860. Suppose -603*y = -x*y + 25. Give p(y).
10
Let y(c) = -208 + 15*c + 832 + 3*c + 12*c - 155*c. What is y(5)?
-1
Let x(d) = -15 + d**2 - 514*d + 850*d + 0*d**2 - 329*d. Determine x(10).
155
Let g(s) = 4371 - 13131 + 4384 + 2*s**2 + s + 4375. Let o(j) = j + 1. Let i be o(1). Suppose i*d = -4*c + d - 5, 5*c - 2*d = -16. Give g(c).
5
Let n(x) = -x**2 + 11*x + 145. Let q be (-3)/(-6)*6 - (-10 + 13) - 8. Calculate n(q).
-7
Let b(k) = -26*k - 10. Suppose 2 = 20*d - 22*d - 4*o, 5*d - 4*o = -19. Calculate b(d).
68
Suppose 0 = -3*h + 12. Suppose c + 1 = 2*c - 2*o, -2*c - h*o = -26. Let s(g) = 4 - 4 - g. Calculate s(c).
-7
Let x(s) = -16*s - 17*s - 14*s + 65*s - 10*s + 2. Determine x(-8).
-62
Let n(t) = t**2 + 7*t - 48. Let v(f) = 74*f - 85. Let y be v(1). Determine n(y).
-4
Let r(n) = n + 15. Let h be r(-8). Suppose -5*o + 18 = -h. Let z(v) = -10*v**2 + 4*v + 3. Let i(m) = 6*m**2 - m - 1. Let j(f) = 3*i(f) + 2*z(f). What is j(o)?
-22
Let s be (2/4 - (1 + -1))*0. Suppose s = -12*g + 15*g - 6. Let w(n) = -5*n + 10 - 6 - 3*n**g - 2 + 4*n**2. Calculate w(5).
2
Let u(p) be the first derivative of -p**4/4 - 7*p**3 - p**2/2 + 35*p - 2331. Give u(-21).
56
Let z(o) = -71*o - 921. Let j be z(-13). Suppose -4 + 10 = 3*t. Let i(c) = -42*c**j + 55*c**t + c - c. Determine i(-1).
13
Let o be 0*(6 + 52/(-8)). Suppose 2*s + 17 = -5*z, 15 = -3*s - 4*z - o*z. Let k(n) = 4*n**3 - 2*n**2 - 2*n - 1. Determine k(s).
-5
Let f(u) be the first derivative of -54 + 2*u + 1/2*u**2. Calculate f(6).
8
Let j(z) = z**2 - 4*z - 3. Let f be j(5). Let d(x) = 26*x + 7. Let c(u) = 35*u + 8. Let y(l) = -3*c(l) + 4*d(l). Determine y(f).
2
Let n(g) = -5*g + 20. Let k = -342 - -342. What is n(k)?
20
Suppose 5*v - 106 = -5*l + 24, -v + 2*l = -20. Suppose -75*u = -72*u - v. Let c(x) = -x**3 + 7*x**2 + 5*x + 10. Determine c(u).
-14
Let x(d) = 2*d**3 - 36*d**2 + 32*d + 30. Let f be (312/1456*14/24)/(1/136). Calculate x(f).
-4
Let u(t) = t**3 - 13*t**2 - 24*t + 138. Let i be u(14). Let k(d) = -4*d**2 - 2*d + 2. Give k(i).
-10
Let b be (-8)/48 - 437/(-138). Let j(m) = m**3 - 5*m**2 + 2*m + 3. Give j(b).
-9
Let n = 5119 + -5115. Let i(w) be the third derivative of 0 + 2/3*w**3 + 0*w + 1/24*w**n - 8*w**2. Calculate i(-7).
-3
Let r(o) = -3*o - 8 - 3*o + 8*o. Suppose -171*y + 5*